 162*s**2 + 169*s**2 - 4*s + 156*s**2 - 496*s**2. Determine n(-8).
-41
Let h(u) be the third derivative of -u**6/120 + 5*u**5/12 + u**4/8 - 26*u**3/3 + 128*u**2 + u + 8. Give h(25).
23
Let k(q) = -q + 1. Let u(b) be the first derivative of b**4/4 + 7*b**3 - b**2/2 + 9*b + 16. Let x be u(-21). Let v = 29 - x. Give k(v).
2
Let y(l) = l**3 + 67*l**2 + 189*l - 199. Suppose -24*s + 20*s + t = 261, -t + 197 = -3*s. Calculate y(s).
-7
Let a(i) = i + 18. Let y be a(6). Let v = 159 - 118. Suppose v*t - y = 47*t. Let p(d) = -d**3 - 4*d**2 + 4*d + 1. Determine p(t).
-15
Let o(g) = 5*g**2 - 7*g + 46. Let c(d) = -d**2 - d + 3. Let a(k) = 6*c(k) + o(k). Let u be a(-17). Let b(n) = n**3 + 5*n**2 + 3*n + 5. What is b(u)?
9
Let l(s) = 43*s**3 + 3*s**2 + 3*s - 3. Let q(d) = -87*d**3 - 7*d**2 - 7*d + 7. Let f(u) = 9*u + 38. Let x be f(-5). Let h(j) = x*l(j) - 3*q(j). Give h(-1).
40
Let k(j) = -9*j**2 - 7*j + 2. Let s(t) = -10*t**2 - 6*t + 1. Let g(z) = -3*k(z) + 4*s(z). Let i = -134651 - -134650. Determine g(i).
-12
Let u(f) = 2*f**2 - 5852*f - 8 + 5900*f + 3 - f**3. Calculate u(8).
-5
Let h(l) = 81*l + 85. Let i be h(-1). Let m(r) = -r**3 + r**2 + 8*r + 6. Give m(i).
-10
Let x = 31 + -26. Suppose -x*n + 1 = -4*u, -3*u + 0*n - 4*n = -38. Let z(w) be the second derivative of -w**3/3 + 7*w**2/2 + 5*w. What is z(u)?
-5
Let n(a) = -a**3 - 4*a**2 - 3*a + 3. Let b(v) be the first derivative of 7 - 3/2*v**2 + 3*v. Let z be b(2). What is n(z)?
3
Let u(y) be the second derivative of 2*y**3/3 + 15*y**2 + 914*y. What is u(-9)?
-6
Let o(t) = 2*t - 3. Let u be 12/((-6)/(-2)) + 28/(-7). Let s be u/2 - (35 - 35). Determine o(s).
-3
Let u(y) = 10 + y**2 + 187918*y - 187938*y + 50. Give u(15).
-15
Let v(y) = y**2 - 4*y + 6. Let i(a) = -a - 1. Let x be i(-5). Let c be v(x). Let o(w) = 6*w - 633030973 + 633030977 - 5*w. What is o(c)?
10
Suppose f + 2*f - 24 = -3*t, 2*t = -4*f + 36. Let i(s) = 299*s**2 - 11*s - 4. Let j(u) = -133*u**2 + 6*u + 2. Let n(k) = -4*i(k) - 9*j(k). What is n(f)?
-2
Let x be 8/6 + (-260)/60. Let o(d) = -469*d + 1 + 235*d + 236*d - 3*d**2. Determine o(x).
-32
Let i(m) = -9*m**2 - 3*m - 19. Let l(g) = 7*g**2 + 4*g + 19. Let h(s) = 4*i(s) + 5*l(s). Determine h(10).
-1
Suppose 5*f + 7 = 9*f - d, f - 3*d = -1. Let r(c) = 4*c - 291*c**2 + 2 + 579*c**2 - 287*c**f. Calculate r(4).
34
Let u(g) = -g**3 + 2*g**2 - 2*g + 1. Let y(x) = -6*x**3 + 2*x**2 - x. Let h(o) = -5*u(o) + y(o). Give h(-9).
-5
Suppose -b - 5*w - 28 = 0, 4*b - 17 = 5*w - 4. Let l(h) = h**3 - h**2 - 13*h - 10. Calculate l(b).
-7
Let q(p) be the second derivative of p**5/20 - 5*p**4/12 + p**3 + 7*p**2 - 994*p - 4. What is q(4)?
22
Let q(l) be the first derivative of -2*l**3 - 6*l - 2*l**2 + 42 + 1/4*l**4. What is q(6)?
-30
Let r(q) = 9*q**3 + q**2 - q - 5. Let a(i) = 415 - 20*i**3 + i**2 - 404 - 2*i**2 + 3*i. Let l(y) = 4*a(y) + 9*r(y). What is l(-3)?
8
Let a(t) = -11*t**3 + 7*t**2 - 12*t - 48. Let c(n) = 26*n**3 - 14*n**2 + 25*n + 97. Let q(z) = 7*a(z) + 3*c(z). Determine q(-5).
50
Let o(j) = 0*j**2 - j - 12*j - j**2. Let i be o(-13). Let u(g) = 47*g**2 + 52*g**2 + 45*g**2 - 143*g**2. Give u(i).
0
Let f = -673 + 665. Let g be f - -5 - ((-2)/2 - -3). Let c(s) = -s + 6. Calculate c(g).
11
Suppose -4*d + 2 = 2*u - 4, 5*u = -5*d + 10. Let n be (u + -5)/2 + 150/50. Let a(i) = -5*i - 1. What is a(n)?
-6
Let p(s) = -6*s + 1. Let l(b) = 64 + 22 + 52 - 50*b - 82 + 40. Let d be l(2). What is p(d)?
25
Let f(d) be the third derivative of -5*d**4/12 - 37*d**3/2 - 5893*d**2. Determine f(-11).
-1
Let s(c) = c**2 + 2*c - 7. Let g(z) = -z**2 - 2*z + 7. Let q(d) = -4*g(d) - 3*s(d). Let r = 3727 + -3727. Determine q(r).
-7
Let s = -489 - -491. Let y(z) = -3*z - 3 + 11 + 5*z - z**s + 8*z + 6*z. Determine y(17).
-9
Let x be -6*9/(-90)*-27 + (-8)/10. Let s(f) = -f**3 - 16*f**2 + 22*f + 26. What is s(x)?
-59
Let p(o) = 5*o**2 + 8*o + 1. Let c be (96/(-64))/(21/(-14) + 3). Give p(c).
-2
Let f(h) be the third derivative of -23*h**6/60 + h**4/6 + h**3/2 + 18*h**2. Let z be f(-1). Let d = -47 + z. Let k(c) = -6*c**2 - 2*c + 2. Calculate k(d).
-18
Let t(j) = -8*j - 166. Let r be t(-21). Let p(l) = l**r + 11 + 6*l + 20 + 17 - 49. Calculate p(-7).
6
Let g(p) = -p**3 - 34*p**2 + 71*p - 38. Let i be ((4 + -3)*(-24)/2)/((-12)/(-36)). Determine g(i).
-2
Let c be (-3 - 30/(-12))*-16. Let n(x) = 94 - 95 + 7*x + c*x**2 - 6*x**2. Give n(-5).
14
Let b(l) = 5 + 3*l - 2 - 2*l. Let j(f) = f**3 - 18*f**2 + 37*f - 53. Let a be j(16). Suppose -a*w - 14*w = -4*w. What is b(w)?
3
Let m = -10803 - -10795. Let i(z) = -z**3 - 10*z**2 - 12*z + 21. Give i(m).
-11
Suppose 7*i - 5 + 61 = 0. Let l be (12/i - 11/(-2)) + -4. Let w(p) = 0*p - 23 - 2*p + p. Calculate w(l).
-23
Let o(u) = -u**3 - 15*u**2 - 2*u - 18. Suppose 202*a = 227*a + 375. Give o(a).
12
Let i(l) be the second derivative of l**5/20 - l**4/12 - 7*l**2/2 - 215*l + 6. Calculate i(0).
-7
Let m(l) be the third derivative of l**6/120 + l**5/30 - l**4/24 + l**3/2 - 2307*l**2 + 1. Let s(h) = h**3 + 7*h**2 + 8*h + 9. Let q be s(-6). Calculate m(q).
-3
Let r(j) = 10*j + 8*j + 3*j - 35*j + 8*j + 4. Let l be 0 + (2 - 0 - -2). What is r(l)?
-20
Let q be (9 - 20) + 6*1. Let m(v) = -v + 12. Let a(w) = -w. Suppose -5*b + 2 = 12. Let o(p) = b*a(p) + m(p). Determine o(q).
7
Let v(r) be the third derivative of -r**5/15 - 11*r**4/24 + 13*r**3/6 - 130*r**2 + 6. What is v(-6)?
-65
Let m(x) = x**2 - 30*x + 58. Let w be m(2). Let n(s) = -15*s**w - 1 - 4 + 32*s**2 - 16*s**2 - s. Calculate n(-3).
7
Let s(i) = -175*i - 176*i + 30 - 163*i + 524*i - i**2. Give s(0).
30
Let p(o) = 31*o - 3226 + o**3 + 1077 + 1078 - 11*o**2 + 1076. Give p(5).
10
Let y(j) = j**2 + j. Let n = 273 - 175. Let r = n + -91. Suppose 5*h + 10 = r*h, -4*u - 5*h = -29. Calculate y(u).
2
Let r(d) = d**2 - 13*d + 19. Let v = 637 - 630. Suppose x - 5*i - v = 8, 4*x - 5*i - 45 = 0. Calculate r(x).
-11
Let l = -10617 + 10603. Let y(r) = r**3 + 13*r**2 - 18*r - 30. What is y(l)?
26
Let t(z) = -5*z - 78. Let k(h) = -10*h**2 - 170*h - 177. Let n be k(-16). What is t(n)?
7
Let z be (-2)/(-8) - 99/12. Let w(o) = -3*o**2 - 37*o - 36. Let a be w(-11). Let c = a + z. Let m(r) = r - 1. Determine m(c).
-1
Let w(t) = t**3 - t**2 + 3*t. Let k(r) = r. Let l(d) = 2*k(d) - w(d). Suppose 0 = 35*x - 46 - 24. What is l(x)?
-6
Let h(o) = -o**3 - o**2 - 9*o - 4. Let b(x) = x**3 + 5*x**2 - 126*x - 2. Let d be b(-14). Determine h(d).
18
Let o be -1*6*((-3)/11 - 231/(-2178)). Let m(r) = -11*r - 1. Let p(g) = -18*g - 3 - 11*g + 7*g. Let h(w) = -5*m(w) + 2*p(w). What is h(o)?
10
Let n(i) = i**3 - 6*i**2 + 4*i + 13. Let j(h) = -h**2 + 1577*h + 4745. Let t be j(-3). What is n(t)?
8
Let q be 2/8 - 393/(-12). Let n be q/5 + 3/(-5). Let f(l) be the first derivative of -l**3/3 + 5*l**2/2 - 2*l - 11682. Give f(n).
-8
Let i = 2749 + -2744. Suppose 4*d - 9 + 1 = 0. Let c(y) = -3 + 0 - 6*y**d + 7*y + y**3 + 2. Calculate c(i).
9
Let q(w) = -5*w - 20. Let v be q(-4). Let i be v + -8 - (-29 - -26). Let y(b) = 2*b + 9. Let n(a) = a + 4. Let g(x) = 9*n(x) - 4*y(x). What is g(i)?
-5
Let v be (-12231)/906*(-4)/(-6). Let f(h) = -4*h**2 - 38*h - 20. Give f(v).
-2
Suppose -5 = -2*n - 5*x, -4*n + 4*x - 4 + 0 = 0. Let f be 2/(-10) + 22/10. Let s(b) = b + 1 - 2*b + f*b - b**2. Calculate s(n).
1
Suppose 16 = 3*b + 4. Let v(j) = -4*j + b*j + j. Suppose 4*z - 18 = -3*o, 43*o - 18 = 4*z + 40*o. Give v(z).
0
Let k = -11 + 45. Let r = k + -33. Let s(i) = 8*i**2 + 3 + 0*i**3 + 1 + r - i**3. Determine s(8).
5
Let g(o) be the second derivative of -o**6/360 - o**5/120 - o**4/24 - 35*o**3/6 - 32*o. Let y(h) be the second derivative of g(h). What is y(-4)?
-13
Let r be (-2 + -3 + 3)/(-2). Let u be 2 + 1 + r*-9. Let p(t) = 2*t - 9*t - 5 + 803*t**2 + 774*t**2 - 1578*t**2. Determine p(u).
1
Let i(j) be the first derivative of 2*j**3/3 + 43*j**2 + 86*j - 2900. What is i(-42)?
2
Let v(b) = 6*b + 4. Let n be 21*10/60*4*2. Suppose -4*r = -18*r - n. Determine v(r).
-8
Suppose -4*j + 15665 - 15649 = 0. Let h(s) be the third derivative of s**5/60 - 5*s**4/24 + s**3/2 + 2*s**2. Give h(j).
-1
Let n(x) = 4*x + 58. Let o = -1065 + 1052. Give n(o).
6
Let c(a) = -5*a**2 + 6*a + 9. Let p(z) = -14*z**2 + 19*z + 26. Let q(o) = 17*c(o) - 6*p(o). Let g = -3950 - -3944. Determine q(g).
33
Suppose -2*d + 4*q - 7 + 3 = 0, 5*d -